{"id":2308,"date":"2023-06-28T21:08:40","date_gmt":"2023-06-28T21:08:40","guid":{"rendered":"https:\/\/seminariotunja.com.co\/?page_id=2308"},"modified":"2023-06-28T21:17:22","modified_gmt":"2023-06-28T21:17:22","slug":"intelectual","status":"publish","type":"page","link":"https:\/\/seminariotunja.com.co\/index.php\/intelectual\/","title":{"rendered":"Intelectual"},"content":{"rendered":"\t\t<div data-elementor-type=\"wp-page\" data-elementor-id=\"2308\" class=\"elementor elementor-2308\">\n\t\t\t\t<div class=\"elementor-element elementor-element-5bdb9f6 e-flex e-con-boxed e-con e-parent\" data-id=\"5bdb9f6\" data-element_type=\"container\">\n\t\t\t\t\t<div class=\"e-con-inner\">\n\t\t\t\t<div class=\"elementor-element elementor-element-8be79f7 elementor-invisible elementor-widget elementor-widget-heading\" data-id=\"8be79f7\" data-element_type=\"widget\" data-settings=\"{&quot;_animation&quot;:&quot;fadeIn&quot;}\" data-widget_type=\"heading.default\">\n\t\t\t\t<div class=\"elementor-widget-container\">\n\t\t\t<style>\/*! elementor - v3.23.0 - 05-08-2024 *\/\n.elementor-heading-title{padding:0;margin:0;line-height:1}.elementor-widget-heading .elementor-heading-title[class*=elementor-size-]>a{color:inherit;font-size:inherit;line-height:inherit}.elementor-widget-heading .elementor-heading-title.elementor-size-small{font-size:15px}.elementor-widget-heading .elementor-heading-title.elementor-size-medium{font-size:19px}.elementor-widget-heading .elementor-heading-title.elementor-size-large{font-size:29px}.elementor-widget-heading .elementor-heading-title.elementor-size-xl{font-size:39px}.elementor-widget-heading .elementor-heading-title.elementor-size-xxl{font-size:59px}<\/style><h2 class=\"elementor-heading-title elementor-size-default\">INTELECTUAL<\/h2>\t\t<\/div>\n\t\t\t\t<\/div>\n\t\t\t\t\t<\/div>\n\t\t\t\t<\/div>\n\t\t<div class=\"elementor-element elementor-element-212ae2c e-grid e-con-boxed elementor-invisible e-con e-parent\" data-id=\"212ae2c\" data-element_type=\"container\" data-settings=\"{&quot;animation&quot;:&quot;fadeIn&quot;}\">\n\t\t\t\t\t<div class=\"e-con-inner\">\n\t\t<div class=\"elementor-element elementor-element-58eb182 e-flex e-con-boxed e-con e-parent\" data-id=\"58eb182\" data-element_type=\"container\">\n\t\t\t\t\t<div class=\"e-con-inner\">\n\t\t<div class=\"elementor-element elementor-element-2ee3878 e-flex e-con-boxed e-con e-parent\" data-id=\"2ee3878\" data-element_type=\"container\">\n\t\t\t\t\t<div class=\"e-con-inner\">\n\t\t\t\t<div class=\"elementor-element elementor-element-326d5d4 elementor-widget elementor-widget-heading\" data-id=\"326d5d4\" data-element_type=\"widget\" data-widget_type=\"heading.default\">\n\t\t\t\t<div class=\"elementor-widget-container\">\n\t\t\t<h2 class=\"elementor-heading-title elementor-size-default\"><p>META DE LA DIMENSI\u00d3N<span style=\"color: var(--sydney-headings-color);\"><\/span><\/p><\/h2>\t\t<\/div>\n\t\t\t\t<\/div>\n\t\t\t\t<div class=\"elementor-element elementor-element-7c1b6b8 elementor-widget elementor-widget-text-editor\" data-id=\"7c1b6b8\" data-element_type=\"widget\" data-widget_type=\"text-editor.default\">\n\t\t\t\t<div class=\"elementor-widget-container\">\n\t\t\t<style>\/*! elementor - v3.23.0 - 05-08-2024 *\/\n.elementor-widget-text-editor.elementor-drop-cap-view-stacked .elementor-drop-cap{background-color:#69727d;color:#fff}.elementor-widget-text-editor.elementor-drop-cap-view-framed .elementor-drop-cap{color:#69727d;border:3px solid;background-color:transparent}.elementor-widget-text-editor:not(.elementor-drop-cap-view-default) .elementor-drop-cap{margin-top:8px}.elementor-widget-text-editor:not(.elementor-drop-cap-view-default) .elementor-drop-cap-letter{width:1em;height:1em}.elementor-widget-text-editor .elementor-drop-cap{float:left;text-align:center;line-height:1;font-size:50px}.elementor-widget-text-editor .elementor-drop-cap-letter{display:inline-block}<\/style>\t\t\t\t<div style=\"text-align: justify\">\nAl finalizar el a\u00f1o 2023, la comunidad del Seminario Conciliar de Tunja, ha profundizado en el estudio teol\u00f3gico y filos\u00f3fico con \u00e9nfasis investigativo, mediante el aprovechamiento de los recursos de la Biblioteca, la producci\u00f3n de textos de car\u00e1cter cient\u00edfico y la organizaci\u00f3n eficiente del tiempo, para revitalizar as\u00ed la formaci\u00f3n sacerdotal y ofrecer al mundo presb\u00edteros seg\u00fan el coraz\u00f3n de Dios.\n\nAspectos a Tener en Cuenta:\n<ul>\n \t<li>Insistencia en la calidad de los trabajos semestrales.<\/li>\n \t<li>Implementar las normas acad\u00e9micas de la APA para los trabajos escritos y art\u00edculos cient\u00edficos.<\/li>\n \t<li>Incrementar el h\u00e1bito de la lectura.<\/li>\n \t<li>Insistencia en la investigaci\u00f3n y la aplicaci\u00f3n a las realidades pastorales y eclesiales.<\/li>\n \t<li>Puntualidad en la entrega de notas por parte de los formadores y profesores.<\/li>\n \t<li>Buscar cursos de actualizaci\u00f3n pedag\u00f3gica.<\/li>\n<\/ul>\nNORMAS B\u00c1SICAS DE LA VIDA ACAD\u00c9MICA\n<ol>\n \t<li>La semestralizaci\u00f3n constituye la unidad escolar de un tiempo con un total de dieciocho (18) semanas, incluidas dos semanas de ex\u00e1menes.<\/li>\n \t<li>La formaci\u00f3n intelectual se realizar\u00e1 por medio de: estudio personal y grupal, clases magistrales, seminarios y trabajos de investigaci\u00f3n; tambi\u00e9n, otros recursos de las diferentes materias.<\/li>\n \t<li>La escala de calificaciones es de cero (0.0) a cinco (5.0). As\u00ed: de cinco (5.0) a cuatro ocho (4.8)= excelente; de cuatro siete (4.7) a cuatro cinco (4.5.)= muy bueno; de cuatro cuatro (4.4.) a tres ocho (3.8)= bueno; de tres siete (3.7) a tres (3.0)= suficiente; de dos nueve (2.9) a dos (2.0)= deficiente; de uno nueve (1.9) a uno (1.0)= malo; de cero nueve (0.9) a cero (0.0)= nulo.<\/li>\n \t<li>Las pruebas acad\u00e9micas o calificaci\u00f3n consistir\u00e1n en evaluaciones parciales, ex\u00e1menes finales y trabajos de investigaci\u00f3n.<\/li>\n \t<li>El valor acad\u00e9mico de cada materia se mide por cr\u00e9ditos. Un cr\u00e9dito equivale a una hora semanal de clase durante un semestre.<\/li>\n \t<li>Las materias de dos cr\u00e9ditos tendr\u00e1n una evaluaci\u00f3n parcial con un valor del 40% y un examen final con un valor del 60%; las materias de tres cr\u00e9ditos tendr\u00e1n dos evaluaciones parciales con un valor del 30% cada una y un examen con un valor del 40%; las materias de cuatro y cinco cr\u00e9ditos tendr\u00e1n dos evaluaciones parciales con un valor del 20% cada una, un trabajo de investigaci\u00f3n con un valor del 20 % y un examen final con un valor del 40%. Los seminarios tendr\u00e1n una nota final con el valor del 100%.<\/li>\n \t<li>La nota final de cada materia ser\u00e1 el equivalente a la suma respectiva de los porcentajes; constar\u00e1 de un n\u00famero entero y un decimal. No hay aproximaciones.<\/li>\n \t<li>La nota m\u00ednima para aprobar una materia ser\u00e1 de tres cero (3.0). si es inferior a tres cero tendr\u00e1 que habilitar y si la nota del examen o la nota final es inferior a dos (2.0) no da derecho a habilitaci\u00f3n, sino que pasa directamente a tutor\u00eda.<\/li>\n \t<li>Cuando un Seminarista tenga que habilitar, la nota definitiva de la materia ser\u00e1 el promedio de la suma de la nota definitiva del semestre con la nota del examen de habilitaci\u00f3n, y esta ha de ser de tres (3.0) m\u00ednimo para aprobar la materia.<\/li>\n \t<li>La nota para aprobar la s\u00edntesis de filosof\u00eda, s\u00edntesis de moral y s\u00edntesis de teolog\u00eda dogm\u00e1tica ha de ser igual o superior a tres cinco (3.5); si es inferior se tendr\u00e1 que cursar nuevamente la materia.<\/li>\n \t<li>El promedio general para ser aprobado el semestre y poder continuar con el estudio en el Seminario ha de ser de un m\u00ednimo de tres cero (3.0). los promedios inferiores a tres cinco (3.5) ser\u00e1n estudiados por el Consejo de manera particular, previa solicitud del estudiante; esta solicitud solo la har\u00e1 una vez.<\/li>\n \t<li>Las evaluaciones y los ex\u00e1menes ser\u00e1n programados al inicio del semestre. Las fechas se\u00f1aladas no podr\u00e1n ser variadas ni por los estudiantes ni por el profesor, sin la autorizaci\u00f3n escrita del Director de Estudios; esta norma es v\u00e1lida para el curso como para cada estudiante.<\/li>\n \t<li>Las evaluaciones parciales y los ex\u00e1menes ser\u00e1n escritos; si fueran orales o de otra forma no establecida por el Seminario, se necesitar\u00e1 la autorizaci\u00f3n escrita del Director de estudios.<\/li>\n \t<li>Las materias que tengan cuatro (4) y cinco (5) cr\u00e9ditos tienen un trabajo de investigaci\u00f3n semestral, el cual ha de ser presentado por escrito seg\u00fan las normas ICONTEC. El tema del trabajo, la metodolog\u00eda de investigaci\u00f3n y las fechas de presentaci\u00f3n, ser\u00e1n programadas por el profesor de la materia, entrando en di\u00e1logo con los estudiantes.<\/li>\n \t<li>La ausencia injustificada a una evaluaci\u00f3n parcial o a un examen, y la no entrega, sin motivo razonable de un trabajo de investigaci\u00f3n, en fecha programada, tendr\u00e1 por calificaci\u00f3n cero (0.0).<\/li>\n \t<li>Las asignaturas con m\u00e1s de cinco (5) horas de clase semanal equivalen a cinco (5.0) cr\u00e9ditos.<\/li>\n \t<li>Todos los estudiantes tendr\u00e1n derecho a pedir por escrito al Director de estudios que se le nombre un segundo calificador, quien recibir\u00e1 la evaluaci\u00f3n presentada. La nota final ser\u00e1 el promedio entre las dos calificaciones.<\/li>\n \t<li>La nota de una calificaci\u00f3n ser\u00e1 inapelable cuarenta y ocho (48) horas, o dos d\u00edas h\u00e1biles, despu\u00e9s de haber sido conocida por el estudiante.<\/li>\n \t<li>Despu\u00e9s de cada per\u00edodo de prueba, las notas ser\u00e1n publicadas en la cartelera de la Secretar\u00eda Acad\u00e9mica.<\/li>\n \t<li>El estudiante que hubiera perdido hasta ocho (8) cr\u00e9ditos al final de un semestre, podr\u00e1 presentar los correspondientes ex\u00e1menes de habilitaci\u00f3n en las fechas programadas oportunamente por la Direcci\u00f3n de Estudios. Quien pierde m\u00e1s de (8) cr\u00e9ditos pierde el semestre.<\/li>\n \t<li>El estudiante, una vez realizada la habilitaci\u00f3n no apruebe la materia, podr\u00eda hacerlo mediante el recurso de la tutor\u00eda, a tenor del n\u00famero 22 y 23 de estas normas.<\/li>\n \t<li>Las materias se pierden con el 15% de ausencias con excusa y con el 10% de ausencias sin excusa. Las materias perdidas mediante ausencia injustificada solo se aprobar\u00e1n por tutor\u00eda; las materias perdidas mediante ausencia justificada, podr\u00e1n ser aprobadas por habilitaci\u00f3n.<\/li>\n \t<li>Las tutor\u00edas s\u00f3lo se podr\u00e1n realizar despu\u00e9s de haberse presentado la habilitaci\u00f3n de la materia. El estudiante, que debe realizar la tutor\u00eda, ha de solicitar por escrito al Director de estudios la aprobaci\u00f3n de la misma y la asignaci\u00f3n del profesor tutor; una vez recibida la respuesta afirmativa a la petici\u00f3n, el estudiante deber\u00e1 entrar en comunicaci\u00f3n con el tutor asignado y programar el com\u00fan acuerdo con \u00e9l las fechas de las evaluaciones parciales y el examen final de la tutor\u00eda; todo ha de desarrollarse durante el per\u00edodo de vacaciones o m\u00e1s tardar la primera semana de inicio del siguiente semestre. No se considera admitido al siguiente semestre a ning\u00fan seminarista hasta tanto no haya aprobado la tutor\u00eda.<\/li>\n \t<li>El proceso de calificaci\u00f3n de una tutor\u00eda consistir\u00e1 en dos evaluaciones parciales con un valor de 30% cada una y un examen final con un valor de 40%; una vez sumados los porcentajes, la nota final m\u00ednima para aprobar la tutor\u00eda ha de ser de tres cinco (3.5).<\/li>\n \t<li>El plan de fechas para realizar la tutor\u00eda ser\u00e1 presentado por escrito en Secretar\u00eda acad\u00e9mica por el profesor tutor.<\/li>\n \t<li>Si un estudiante pierde m\u00e1s la tutor\u00eda, pierde el semestre.<\/li>\n \t<li>Todo fraude o intento de fraude ser\u00e1 sancionado con la anulaci\u00f3n de la evaluaci\u00f3n parcial, del examen o trabajo, y puede ser motivo de exclusi\u00f3n o expulsi\u00f3n del Seminario.<\/li>\n \t<li>Ning\u00fan estudiante podr\u00e1 ser admitido a un nuevo semestre, ni a la recepci\u00f3n de ministerios ni \u00f3rdenes, si no est\u00e1 acad\u00e9micamente a paz y salvo.<\/li>\n \t<li>Para las transferencias, el Director de estudios solicitar\u00e1 al estudiante los respectivos certificados; la materia ser\u00e1 tenida como v\u00e1lida si presenta una nota m\u00ednima de tres cinco (3.5). cuando no aparece clara la descripci\u00f3n de la materia cursada, o esta haya tenido intensidad horaria menor a la exigida por el curr\u00edculo acad\u00e9mico para los Seminarios Mayores de Colombia (2005), se exigir\u00e1 la validaci\u00f3n de la materia por el proceso de validaci\u00f3n, ser\u00e1 de tres cinco (3.5). en cualquier otro caso se exigir\u00e1 el estudio presencial de la materia.<\/li>\n<\/ol>\n<\/div>\t\t\t\t\t\t<\/div>\n\t\t\t\t<\/div>\n\t\t\t\t\t<\/div>\n\t\t\t\t<\/div>\n\t\t\t\t\t<\/div>\n\t\t\t\t<\/div>\n\t\t\t\t\t<\/div>\n\t\t\t\t<\/div>\n\t\t\t\t<\/div>\n\t\t","protected":false},"excerpt":{"rendered":"<p>INTELECTUAL META DE LA DIMENSI\u00d3N Al finalizar el a\u00f1o 2023, la comunidad del Seminario Conciliar de Tunja, ha profundizado en el estudio teol\u00f3gico y filos\u00f3fico con \u00e9nfasis investigativo, mediante el aprovechamiento de los recursos de la Biblioteca, la producci\u00f3n de textos de car\u00e1cter cient\u00edfico y [&hellip;]<\/p>\n","protected":false},"author":1,"featured_media":0,"parent":0,"menu_order":0,"comment_status":"closed","ping_status":"closed","template":"","meta":{"_eb_attr":"","footnotes":""},"yoast_head":"<!-- This site is optimized with the Yoast SEO plugin v22.0 - https:\/\/yoast.com\/wordpress\/plugins\/seo\/ -->\n<title>Intelectual - Seminario Conciliar Tunja<\/title>\n<meta name=\"robots\" content=\"index, follow, max-snippet:-1, max-image-preview:large, max-video-preview:-1\" \/>\n<link rel=\"canonical\" href=\"https:\/\/seminariotunja.com.co\/index.php\/intelectual\/\" \/>\n<meta property=\"og:locale\" content=\"es_ES\" \/>\n<meta property=\"og:type\" content=\"article\" \/>\n<meta property=\"og:title\" content=\"Intelectual - Seminario Conciliar Tunja\" \/>\n<meta property=\"og:description\" content=\"INTELECTUAL META DE LA DIMENSI\u00d3N Al finalizar el a\u00f1o 2023, la comunidad del Seminario Conciliar de Tunja, ha profundizado en el estudio teol\u00f3gico y filos\u00f3fico con \u00e9nfasis investigativo, mediante el aprovechamiento de los recursos de la Biblioteca, la producci\u00f3n de textos de car\u00e1cter cient\u00edfico y [&hellip;]\" \/>\n<meta property=\"og:url\" content=\"https:\/\/seminariotunja.com.co\/index.php\/intelectual\/\" \/>\n<meta property=\"og:site_name\" content=\"Seminario Conciliar Tunja\" \/>\n<meta property=\"article:publisher\" content=\"https:\/\/www.facebook.com\/seminarioconciliardetunja\" \/>\n<meta property=\"article:modified_time\" content=\"2023-06-28T21:17:22+00:00\" \/>\n<meta name=\"twitter:card\" content=\"summary_large_image\" \/>\n<meta name=\"twitter:site\" content=\"@seminariotun\" \/>\n<meta name=\"twitter:label1\" content=\"Tiempo de lectura\" \/>\n\t<meta name=\"twitter:data1\" content=\"7 minutos\" \/>\n<script type=\"application\/ld+json\" class=\"yoast-schema-graph\">{\"@context\":\"https:\/\/schema.org\",\"@graph\":[{\"@type\":\"WebPage\",\"@id\":\"https:\/\/seminariotunja.com.co\/index.php\/intelectual\/\",\"url\":\"https:\/\/seminariotunja.com.co\/index.php\/intelectual\/\",\"name\":\"Intelectual - Seminario Conciliar Tunja\",\"isPartOf\":{\"@id\":\"https:\/\/seminariotunja.com.co\/#website\"},\"datePublished\":\"2023-06-28T21:08:40+00:00\",\"dateModified\":\"2023-06-28T21:17:22+00:00\",\"breadcrumb\":{\"@id\":\"https:\/\/seminariotunja.com.co\/index.php\/intelectual\/#breadcrumb\"},\"inLanguage\":\"es\",\"potentialAction\":[{\"@type\":\"ReadAction\",\"target\":[\"https:\/\/seminariotunja.com.co\/index.php\/intelectual\/\"]}]},{\"@type\":\"BreadcrumbList\",\"@id\":\"https:\/\/seminariotunja.com.co\/index.php\/intelectual\/#breadcrumb\",\"itemListElement\":[{\"@type\":\"ListItem\",\"position\":1,\"name\":\"Portada\",\"item\":\"https:\/\/seminariotunja.com.co\/\"},{\"@type\":\"ListItem\",\"position\":2,\"name\":\"Intelectual\"}]},{\"@type\":\"WebSite\",\"@id\":\"https:\/\/seminariotunja.com.co\/#website\",\"url\":\"https:\/\/seminariotunja.com.co\/\",\"name\":\"Seminario Conciliar Tunja\",\"description\":\"Seminario Mayor Conciliar San Jos\u00e9 de Tunja\",\"publisher\":{\"@id\":\"https:\/\/seminariotunja.com.co\/#organization\"},\"potentialAction\":[{\"@type\":\"SearchAction\",\"target\":{\"@type\":\"EntryPoint\",\"urlTemplate\":\"https:\/\/seminariotunja.com.co\/?s={search_term_string}\"},\"query-input\":\"required name=search_term_string\"}],\"inLanguage\":\"es\"},{\"@type\":\"Organization\",\"@id\":\"https:\/\/seminariotunja.com.co\/#organization\",\"name\":\"Seminario Mayor Conciliar San Jos\u00e9 de Tunja\",\"url\":\"https:\/\/seminariotunja.com.co\/\",\"logo\":{\"@type\":\"ImageObject\",\"inLanguage\":\"es\",\"@id\":\"https:\/\/seminariotunja.com.co\/#\/schema\/logo\/image\/\",\"url\":\"https:\/\/seminariotunja.com.co\/wp-content\/uploads\/2023\/06\/cropped-logo-seminario.png\",\"contentUrl\":\"https:\/\/seminariotunja.com.co\/wp-content\/uploads\/2023\/06\/cropped-logo-seminario.png\",\"width\":512,\"height\":512,\"caption\":\"Seminario Mayor Conciliar San Jos\u00e9 de Tunja\"},\"image\":{\"@id\":\"https:\/\/seminariotunja.com.co\/#\/schema\/logo\/image\/\"},\"sameAs\":[\"https:\/\/www.facebook.com\/seminarioconciliardetunja\",\"https:\/\/twitter.com\/seminariotun\",\"https:\/\/www.youtube.com\/@seminarioconciliardetunja9101\"]}]}<\/script>\n<!-- \/ Yoast SEO plugin. -->","yoast_head_json":{"title":"Intelectual - Seminario Conciliar Tunja","robots":{"index":"index","follow":"follow","max-snippet":"max-snippet:-1","max-image-preview":"max-image-preview:large","max-video-preview":"max-video-preview:-1"},"canonical":"https:\/\/seminariotunja.com.co\/index.php\/intelectual\/","og_locale":"es_ES","og_type":"article","og_title":"Intelectual - Seminario Conciliar Tunja","og_description":"INTELECTUAL META DE LA DIMENSI\u00d3N Al finalizar el a\u00f1o 2023, la comunidad del Seminario Conciliar de Tunja, ha profundizado en el estudio teol\u00f3gico y filos\u00f3fico con \u00e9nfasis investigativo, mediante el aprovechamiento de los recursos de la Biblioteca, la producci\u00f3n de textos de car\u00e1cter cient\u00edfico y [&hellip;]","og_url":"https:\/\/seminariotunja.com.co\/index.php\/intelectual\/","og_site_name":"Seminario Conciliar Tunja","article_publisher":"https:\/\/www.facebook.com\/seminarioconciliardetunja","article_modified_time":"2023-06-28T21:17:22+00:00","twitter_card":"summary_large_image","twitter_site":"@seminariotun","twitter_misc":{"Tiempo de lectura":"7 minutos"},"schema":{"@context":"https:\/\/schema.org","@graph":[{"@type":"WebPage","@id":"https:\/\/seminariotunja.com.co\/index.php\/intelectual\/","url":"https:\/\/seminariotunja.com.co\/index.php\/intelectual\/","name":"Intelectual - Seminario Conciliar Tunja","isPartOf":{"@id":"https:\/\/seminariotunja.com.co\/#website"},"datePublished":"2023-06-28T21:08:40+00:00","dateModified":"2023-06-28T21:17:22+00:00","breadcrumb":{"@id":"https:\/\/seminariotunja.com.co\/index.php\/intelectual\/#breadcrumb"},"inLanguage":"es","potentialAction":[{"@type":"ReadAction","target":["https:\/\/seminariotunja.com.co\/index.php\/intelectual\/"]}]},{"@type":"BreadcrumbList","@id":"https:\/\/seminariotunja.com.co\/index.php\/intelectual\/#breadcrumb","itemListElement":[{"@type":"ListItem","position":1,"name":"Portada","item":"https:\/\/seminariotunja.com.co\/"},{"@type":"ListItem","position":2,"name":"Intelectual"}]},{"@type":"WebSite","@id":"https:\/\/seminariotunja.com.co\/#website","url":"https:\/\/seminariotunja.com.co\/","name":"Seminario Conciliar Tunja","description":"Seminario Mayor Conciliar San Jos\u00e9 de Tunja","publisher":{"@id":"https:\/\/seminariotunja.com.co\/#organization"},"potentialAction":[{"@type":"SearchAction","target":{"@type":"EntryPoint","urlTemplate":"https:\/\/seminariotunja.com.co\/?s={search_term_string}"},"query-input":"required name=search_term_string"}],"inLanguage":"es"},{"@type":"Organization","@id":"https:\/\/seminariotunja.com.co\/#organization","name":"Seminario Mayor Conciliar San Jos\u00e9 de Tunja","url":"https:\/\/seminariotunja.com.co\/","logo":{"@type":"ImageObject","inLanguage":"es","@id":"https:\/\/seminariotunja.com.co\/#\/schema\/logo\/image\/","url":"https:\/\/seminariotunja.com.co\/wp-content\/uploads\/2023\/06\/cropped-logo-seminario.png","contentUrl":"https:\/\/seminariotunja.com.co\/wp-content\/uploads\/2023\/06\/cropped-logo-seminario.png","width":512,"height":512,"caption":"Seminario Mayor Conciliar San Jos\u00e9 de Tunja"},"image":{"@id":"https:\/\/seminariotunja.com.co\/#\/schema\/logo\/image\/"},"sameAs":["https:\/\/www.facebook.com\/seminarioconciliardetunja","https:\/\/twitter.com\/seminariotun","https:\/\/www.youtube.com\/@seminarioconciliardetunja9101"]}]}},"_links":{"self":[{"href":"https:\/\/seminariotunja.com.co\/index.php\/wp-json\/wp\/v2\/pages\/2308"}],"collection":[{"href":"https:\/\/seminariotunja.com.co\/index.php\/wp-json\/wp\/v2\/pages"}],"about":[{"href":"https:\/\/seminariotunja.com.co\/index.php\/wp-json\/wp\/v2\/types\/page"}],"author":[{"embeddable":true,"href":"https:\/\/seminariotunja.com.co\/index.php\/wp-json\/wp\/v2\/users\/1"}],"replies":[{"embeddable":true,"href":"https:\/\/seminariotunja.com.co\/index.php\/wp-json\/wp\/v2\/comments?post=2308"}],"version-history":[{"count":12,"href":"https:\/\/seminariotunja.com.co\/index.php\/wp-json\/wp\/v2\/pages\/2308\/revisions"}],"predecessor-version":[{"id":2321,"href":"https:\/\/seminariotunja.com.co\/index.php\/wp-json\/wp\/v2\/pages\/2308\/revisions\/2321"}],"wp:attachment":[{"href":"https:\/\/seminariotunja.com.co\/index.php\/wp-json\/wp\/v2\/media?parent=2308"}],"curies":[{"name":"wp","href":"https:\/\/api.w.org\/{rel}","templated":true}]}}